 u = z - -23. Let s = u + -11. Calculate m(s).
7
Let n(p) = p**3 + 7*p**2 - 5*p + 7. Let f(b) = -2*b**3 - 8*b**2 + 5*b - 8. Let a(k) = 2*f(k) + 3*n(k). Give a(4).
1
Let g(i) be the third derivative of i**6/120 - i**5/10 + i**4/6 + i**3/2 - 2*i**2. Let d be (2/6)/(5/75). Let c be g(d). Let v(u) = -u**2 - 2*u + 1. Give v(c).
1
Let l(h) = -h**2 + 5*h + 2. Suppose -2*n + 0*n - 8 = 0. Let p = 8 + n. What is l(p)?
6
Let n(k) = -k + 1. Let l(f) = f**3 + f**2 - 4*f + 3. Let v be l(2). What is n(v)?
-6
Let m(k) be the third derivative of -k**5/60 + k**4/6 - k**3/6 + 25*k**2. Determine m(6).
-13
Let p(v) = 16 - v - 16 + v**2. Let u(d) = -3*d**2 + 2*d - 3. Let b(h) = 4*p(h) + u(h). Let i(g) be the first derivative of b(g). Determine i(2).
2
Let h(d) be the second derivative of d**4/12 + 7*d**3/6 - d**2/2 - d. Let v be h(-7). Let c(n) = 9*n**3 + 2*n + 1. Calculate c(v).
-10
Let w(i) = -i - 1. Let u(x) = -x**2 + 11*x + 1. Let l(a) = -u(a) - 2*w(a). Give l(8).
-7
Suppose -4*x + 5*b = -9, -4*b + 2 + 10 = 0. Let a(w) = w**2 - 6*w + 3. What is a(x)?
3
Let m(i) be the second derivative of i**4/6 - i**2 - 5*i. Give m(2).
6
Let b(j) = -8*j + 5*j**2 + 5*j**2 - 5 - j**3 - 6*j**2 + 2*j**3. Determine b(-5).
10
Let y(d) be the second derivative of 3*d**3/2 - d. Let f be (-4)/(-24)*-1*-6. Determine y(f).
9
Let s(c) = -c**2 + 7. Let a(b) = -b**3 - b**2 + b + 2. Let o be a(-2). Suppose 0 = o*g + g. Determine s(g).
7
Let f(i) be the third derivative of 3*i**2 + 1/20*i**5 + 0 + 1/6*i**3 + 1/24*i**4 + 0*i. Calculate f(-1).
3
Let k(f) = f**2 + 4*f - 7. Let w = 47 - 41. Let s be (22/(-1))/(0 + -2). Let j = w - s. Determine k(j).
-2
Let i(u) = 6 + u**2 - 255*u + 133*u + 131*u. What is i(-6)?
-12
Let t(p) = 3*p**3 + 15*p**2 + 9*p - 15. Let j(n) = -8*n**2 + 8 - 4*n - 4*n**3 + 5*n**3 - 3*n**3. Let o(k) = -5*j(k) - 3*t(k). What is o(6)?
-1
Let b(p) be the second derivative of p**5/20 - p**4/12 + p**3/6 - 7*p**2/2 + 26*p. Calculate b(0).
-7
Let q(m) = m**2 - 7*m + m**2 - m**2 + 4. What is q(5)?
-6
Suppose 5*j + 15 = 5*y, 3*y = -5*j + 4 - 3. Let d(x) = 6 + x**2 - x**y - 5*x + x**2. What is d(4)?
2
Let r(q) = 9*q**2. Suppose 3 = 5*f - 5*w + 23, -2*w + 10 = -4*f. Calculate r(f).
9
Let c(g) be the third derivative of g**6/120 + g**5/15 - 2*g**3/3 + 26*g**2. Give c(-4).
-4
Suppose 4*v + 2*r + 2 + 2 = 0, r = -5*v - 8. Let g(c) = -3*c**2 + 4*c + 3. Calculate g(v).
-17
Let d be 416/14 + (-8)/(-28). Let s be ((-8)/12)/((-4)/d). Let x(q) = 8*q - 6. Let y(l) = l. Let n(o) = x(o) - 6*y(o). Calculate n(s).
4
Let u(a) = a - 7. Let q be u(6). Let l(t) = 4*t**3 + t**2 - 1. Determine l(q).
-4
Let r(a) = a**2 - 2*a + 5. Suppose -4*c = -2*b + 8, 3 = -6*c + 3*c. Suppose b = -5*s + 22. What is r(s)?
13
Let p(q) = -q**3 - q**2 - 3*q - 3. Suppose -2*m + 22 = 26. Give p(m).
7
Let r(w) = -w**3 + w + 1. Let x(d) = 6*d**3 - 6*d**2 - 6*d + 1. Let p(y) = 5*r(y) + x(y). Suppose 11 = 2*k + 3*n + 5, 0 = k - 4*n - 14. Give p(k).
0
Let d(p) = -p - 2. Let c be d(-3). Suppose -6 + c = -f. Let b(j) = -j + 5. Give b(f).
0
Let q(y) = -6*y - 1. Let c be (-2)/5 - 44/(-10). Suppose 5*k - 3*x = 11, 3*k = -k + c*x + 12. Give q(k).
-7
Let u = -23 + 27. Let l(b) = b**3 - 5*b**2 - b + 3. What is l(u)?
-17
Let l(x) be the first derivative of x**2/2 + 2*x - 2. Calculate l(0).
2
Suppose 0 = 2*z + 10, -5*k = 4*z - z + 15. Suppose -i + 2*i + 2 = k. Let q(l) = -3*l - 6 + 2*l**2 + 3*l + 5. What is q(i)?
7
Let y(f) = -f**2 + 2*f**2 + 3*f - 2 - 5*f. Let u = -31 - -48. Suppose -q + 6*q - u = -m, 3*q + m = 11. Calculate y(q).
1
Let z(y) = y + 2. Let u(a) = -a**3 + 17*a**2 - 16*a - 7. Let o be u(16). Give z(o).
-5
Suppose -r - 68 = 3*r. Let d(o) = 14*o**2 - 15*o - 17. Let n(z) = -5*z**2 + 5*z + 6. Let a(b) = r*n(b) - 6*d(b). Calculate a(-5).
0
Let r be 48/4 + 2 - 2. Let s = r - 15. Let q(o) = o**2 + 6*o + 4. What is q(s)?
-5
Let d(k) = k**3 - 4*k**2 + k + 8. Let b(z) = 2*z**3 - 7*z**2 + 3*z + 17. Let x(c) = 2*b(c) - 5*d(c). Suppose 5*r - 3*r - 12 = 0. Determine x(r).
0
Let h = 8 - 6. Suppose 0 = -2*i - 2*x + 6, -3*x + 3 + 3 = h*i. Let l(k) = k + 3. Give l(i).
6
Suppose 3*s + 1 = -2. Let i(n) = -5*n**3 - 2*n**2 - 2*n - 1. Give i(s).
4
Let k = 0 - 2. Let h(v) = -3*v - 1. Calculate h(k).
5
Let p(i) = 5*i**2 + 17*i + 15. Let z(k) = 2*k**2 + 8*k + 7. Let u(o) = 6*p(o) - 13*z(o). Let n be u(-1). Let q(c) = 2*c - 5. What is q(n)?
5
Let w(n) = 3*n**2 - 20*n + 3. Let s(t) = -2*t**2 + 13*t - 2. Let i(u) = 8*s(u) + 5*w(u). Determine i(5).
-6
Let l be (2*-2)/((-6)/(-2) - 4). Let x(f) = -f**2 + 5*f - 1. What is x(l)?
3
Let m(v) = v + 7. Let w(f) = f + 8. Let z(c) = -4*m(c) + 3*w(c). Let s(u) = 6*u + 19. Let o(p) = -2*s(p) - 11*z(p). What is o(6)?
0
Suppose 0 = -2*c - 3*i + 12 - 3, 4*c - 5*i + 15 = 0. Let p(k) = k - 10. Calculate p(c).
-10
Let r(b) = 7*b**2 - 1. Suppose -4*y - 1 = 3, -5*o = 2*y + 317. Let k be o/49 - 4/(-14). Calculate r(k).
6
Let k(g) = -g + 5. Suppose 0 = 5*d - 2*j - j - 30, -d + 18 = -3*j. Let s be k(d). Let z(w) = -3*w**2 - s*w**2 + 2*w**2 + 4*w**2. What is z(2)?
4
Let a(x) be the third derivative of -x**6/120 + x**5/12 - x**4/8 + 7*x**3/6 - 2*x**2. Determine a(5).
-8
Let s(j) = j + 2 + 1 + 1 - 2. Let w(o) = o**2 - 4*o - 5. Let h be w(4). Determine s(h).
-3
Let w(j) = -j**3 - j**2 - j + 1. Let x(z) be the first derivative of -z**4 - 1/3*z**3 + 1 + z**2 + z. Let q(b) = -3*w(b) + x(b). Determine q(3).
4
Let c(q) = -4*q + 2. Let n(g) = -g - 1. Let v(d) = -c(d) + 3*n(d). Determine v(4).
-1
Suppose 0 = -4*m + 11 - 3. Let j(n) = n**2 + m*n**2 - 7*n - 2*n**2 + 3. What is j(4)?
-9
Let j(v) = 11*v**2 - 4*v**2 + 25 - 25 - v. Give j(-1).
8
Let n(w) = -5*w + 7. Let h(r) = -3*r + 5. Let z(f) = 8*h(f) - 5*n(f). Let p = -13 + 9. Calculate z(p).
1
Let a(b) be the first derivative of -2*b**3/3 - b**2/2 + b - 4. Let n be (-2)/(-4)*(-4 + 0). Determine a(n).
-5
Let s(r) be the second derivative of r**3/6 - 2*r**2 + r. Let y(n) = n**2 - 7*n + 3. Let j be y(7). Suppose j*k = -2*k - 25. Determine s(k).
-9
Let b be -2 + 4 + (-4)/(-4). Let f(t) = -2*t - 2 + 5*t + b - 2*t. Calculate f(-1).
0
Let g(y) = 8*y - 2. Let v(p) = -12*p + 3. Let q(t) = -7*g(t) - 5*v(t). Let h be (-1)/(-2 + 3/2). Suppose -4 = -r - h. Calculate q(r).
7
Suppose -4*x + 3*z - 22 = 0, 5*x + 4*z + 12 = -0*x. Let p(h) = h + 1. Give p(x).
-3
Let f(w) = w**3 + 8*w**2 + 9*w + 10. Let r(s) = 2*s - 19. Let y be r(6). Calculate f(y).
-4
Let z(s) be the second derivative of -s**4/12 - s**3/2 + s**2/2 + 21*s. What is z(3)?
-17
Let g(f) = 10*f**3 - 2*f**2 - 2*f - 1. Suppose r = 2, -3*r + 6 = -5*a - 5. What is g(a)?
-11
Let y(b) be the first derivative of 2*b**3 + b**2/2 - 2*b + 58. What is y(-2)?
20
Let r(x) = 5*x**3 + 26*x**2 - 18*x + 9. Let s(d) = -2*d**3 - 9*d**2 + 6*d - 3. Let k(i) = -3*r(i) - 8*s(i). Give k(5).
2
Let q = 11 + -8. Let i(h) = -h**2 + 0*h**q + 4*h + 0*h**3 - h**3 + 1. Give i(-3).
7
Let b(h) = -h - h + 3*h. Calculate b(6).
6
Let t be ((-12)/(-18))/((-6)/45). Let n(q) = -q + 2. Calculate n(t).
7
Let r(u) = 6*u + 4*u**2 - 5*u - 2*u**2. Determine r(-1).
1
Let o be ((-6)/16)/((-6)/8). Let f(b) be the second derivative of -b + 1/3*b**3 + 0 - o*b**2. What is f(-3)?
-7
Let u(f) = -f**3 + f**2 - 4 + 3*f**2 + f + 0*f. Let o be 2/13 + (-80)/13. Let j = o - -9. Calculate u(j).
8
Let h(b) = -b - 5. Suppose -268 + 248 = 4*t. Give h(t).
0
Suppose 0 = h + 4*d + 7, 2*h + 35 = -3*h + 3*d. Let f be 4/(-8) - h/2. Let u(p) = p**3 - 4*p**2 - 1. Determine u(f).
-10
Let c(d) be the second derivative of -d**3/6 - d**2/2 - 4*d. Determine c(-6).
5
Let w = -23 - -28. Let o(p) = -p**2 + 6*p + 3. Calculate o(w).
8
Let d(t) = t**3 + 5*t**2 + 4*t + 2. Let m(z) = z + 4. Let a = 12 - 18. Let v be m(a). Calculate d(v).
6
Let i(w) = 11*w - 1. Suppose 15 = 3*s - 21. Let v = 11 - s. What is i(v)?
-12
Let h(v) = 2*v - 8. Let i be h(7). Let s(o) = -8*o**2 + 5*o + o**2 + 0*o + 2*o - 38 + o**3 + 36. Calculate s(i).
4
Let t be (0 + -6)/(-1*2). Suppose -6*c = -t*c. Suppose c = i - 2*q + 3, -5*i + 5*q = -0*q + 5. Let n(l) = 8*l - 1. Give n(i).
7
Let r(b) be the third derivative of -b**4/12 + 4*b**3/3 + 6*b**2. Determine r(6).
-4
Let i(r) = 1 - 1 - 184*r + 181*r. Give i(1).
-3
Let f(r) = r**3 - 1. Suppose 3*p + 1 = -3*w + 2*p, 2*w + 5*p + 5 = 0. Calculate f(w).
-1
Let a(j) = -j**2 + j - 19. Let n be (7/(-22) - (-10)/(-55)